{"id":10369,"date":"2024-09-06T17:34:24","date_gmt":"2024-09-06T20:34:24","guid":{"rendered":"https:\/\/luxonatural.com.br\/homolog\/?post_type=product&#038;p=10369"},"modified":"2024-09-16T00:20:15","modified_gmt":"2024-09-16T03:20:15","slug":"joia-do-dia-amore","status":"publish","type":"product","link":"https:\/\/luxonatural.com.br\/homolog\/produto\/joia-do-dia-amore\/","title":{"rendered":"J\u00f3ia do dia Amore"},"content":{"rendered":"<p><strong>Pratinho J\u00f3ia do Dia<\/strong><\/p>\n<p>Uma pe\u00e7a \u00fanica e delicada, feita em porcelana pintada \u00e0 m\u00e3o. Ideal para decorar ambientes ou para ser usado como porta-joias, trazendo charme e eleg\u00e2ncia para o seu espa\u00e7o.<\/p>\n<p><strong>Tamanho:<\/strong> 10 cm de di\u00e2metro<\/p>\n","protected":false},"excerpt":{"rendered":"<p>Pratinho J\u00f3ia do Dia Uma pe\u00e7a \u00fanica e delicada, feita em porcelana pintada \u00e0 m\u00e3o. Ideal para decorar ambientes ou para ser usado como porta-joias, trazendo charme e eleg\u00e2ncia para o seu espa\u00e7o. Tamanho: 10 cm de di\u00e2metro<\/p>\n","protected":false},"featured_media":10371,"comment_status":"open","ping_status":"closed","template":"","meta":[],"product_cat":[105],"product_tag":[],"class_list":["post-10369","product","type-product","status-publish","has-post-thumbnail","hentry","product_cat-marche-15-a-50","product_shipping_class-entrega-nacional"],"_links":{"self":[{"href":"https:\/\/luxonatural.com.br\/homolog\/wp-json\/wp\/v2\/product\/10369","targetHints":{"allow":["GET"]}}],"collection":[{"href":"https:\/\/luxonatural.com.br\/homolog\/wp-json\/wp\/v2\/product"}],"about":[{"href":"https:\/\/luxonatural.com.br\/homolog\/wp-json\/wp\/v2\/types\/product"}],"replies":[{"embeddable":true,"href":"https:\/\/luxonatural.com.br\/homolog\/wp-json\/wp\/v2\/comments?post=10369"}],"wp:featuredmedia":[{"embeddable":true,"href":"https:\/\/luxonatural.com.br\/homolog\/wp-json\/wp\/v2\/media\/10371"}],"wp:attachment":[{"href":"https:\/\/luxonatural.com.br\/homolog\/wp-json\/wp\/v2\/media?parent=10369"}],"wp:term":[{"taxonomy":"product_cat","embeddable":true,"href":"https:\/\/luxonatural.com.br\/homolog\/wp-json\/wp\/v2\/product_cat?post=10369"},{"taxonomy":"product_tag","embeddable":true,"href":"https:\/\/luxonatural.com.br\/homolog\/wp-json\/wp\/v2\/product_tag?post=10369"}],"curies":[{"name":"wp","href":"https:\/\/api.w.org\/{rel}","templated":true}]}}