{"id":9026,"date":"2024-02-09T11:09:25","date_gmt":"2024-02-09T14:09:25","guid":{"rendered":"https:\/\/luxonatural.com.br\/homolog\/produto\/mini-luxo\/"},"modified":"2024-06-24T15:38:58","modified_gmt":"2024-06-24T18:38:58","slug":"mini-luxo","status":"publish","type":"product","link":"https:\/\/luxonatural.com.br\/homolog\/produto\/mini-luxo\/","title":{"rendered":"Mini Luxo"},"content":{"rendered":"<p>Nossa cl\u00e1ssica garrafinha de vidro reciclado com mini bouquet de flores. Com lacinho e adesivo personaliz\u00e1vel elas s\u00e3o aquele mimo luxuoso perfeito para presentear, enfeitar um ambiente ou como centro de mesa do seu evento.<\/p>\n<p>&nbsp;<\/p>\n<p>Dimens\u00f5es:<\/p>\n<p>Altura: 13,5cm<\/p>\n<p>Gargalo: 2cm<\/p>\n<p>Fundo: 5cm<\/p>\n<p>&nbsp;<\/p>\n<p>Aten\u00e7\u00e3o: Cada mix de flores \u00e9 \u00fanico! Ao optar por essa composi\u00e7\u00e3o floral, voc\u00ea estar\u00e1 garantindo o que temos de mais lindo nas nossas c\u00e2maras frias de acordo com a sazonalidade e, consequentemente, disponibilidade de flores e suas varia\u00e7\u00f5es no mercado. A natureza \u00e9 quem manda e temos que respeitar todo esse processo que depende de condi\u00e7\u00f5es clim\u00e1ticas, dentre outras. Portanto, a op\u00e7\u00e3o \u201cmix de flores\u201d consiste numa combina\u00e7\u00e3o de cores e tipologias bot\u00e2nicas, que, n\u00e3o necessariamente, corresponder\u00e1 \u00e0 alguma das fotos aqui dispon\u00edveis (mas a Luxo te garante que lindo, vai ser!).<\/p>\n","protected":false},"excerpt":{"rendered":"<p>Nossa cl\u00e1ssica garrafinha de vidro reciclado com mini bouquet de flores. Com lacinho e adesivo personaliz\u00e1vel elas s\u00e3o aquele mimo luxuoso perfeito para presentear, enfeitar um ambiente ou como centro de mesa do seu evento. &nbsp; Dimens\u00f5es: Altura: 13,5cm Gargalo: 2cm Fundo: 5cm &nbsp; Aten\u00e7\u00e3o: Cada mix de flores \u00e9 \u00fanico! Ao optar por essa [&hellip;]<\/p>\n","protected":false},"featured_media":10264,"comment_status":"open","ping_status":"closed","template":"","meta":[],"product_cat":[89],"product_tag":[],"class_list":["post-9026","product","type-product","status-publish","has-post-thumbnail","hentry","product_cat-vasos-e-cilindros","product_shipping_class-entrega-local"],"_links":{"self":[{"href":"https:\/\/luxonatural.com.br\/homolog\/wp-json\/wp\/v2\/product\/9026","targetHints":{"allow":["GET"]}}],"collection":[{"href":"https:\/\/luxonatural.com.br\/homolog\/wp-json\/wp\/v2\/product"}],"about":[{"href":"https:\/\/luxonatural.com.br\/homolog\/wp-json\/wp\/v2\/types\/product"}],"replies":[{"embeddable":true,"href":"https:\/\/luxonatural.com.br\/homolog\/wp-json\/wp\/v2\/comments?post=9026"}],"wp:featuredmedia":[{"embeddable":true,"href":"https:\/\/luxonatural.com.br\/homolog\/wp-json\/wp\/v2\/media\/10264"}],"wp:attachment":[{"href":"https:\/\/luxonatural.com.br\/homolog\/wp-json\/wp\/v2\/media?parent=9026"}],"wp:term":[{"taxonomy":"product_cat","embeddable":true,"href":"https:\/\/luxonatural.com.br\/homolog\/wp-json\/wp\/v2\/product_cat?post=9026"},{"taxonomy":"product_tag","embeddable":true,"href":"https:\/\/luxonatural.com.br\/homolog\/wp-json\/wp\/v2\/product_tag?post=9026"}],"curies":[{"name":"wp","href":"https:\/\/api.w.org\/{rel}","templated":true}]}}

<p>Nossa clássica garrafinha de vidro reciclado com mini bouquet de flores. Com lacinho e adesivo personalizável elas são aquele mimo luxuoso perfeito para presentear, enfeitar um ambiente ou como centro de mesa do seu evento.</p>
<p>&nbsp;</p>
<p>Dimensões:</p>
<p>Altura: 13,5cm</p>
<p>Gargalo: 2cm</p>
<p>Fundo: 5cm</p>
<p>&nbsp;</p>
<p>Atenção: Cada mix de flores é único! Ao optar por essa composição floral, você estará garantindo o que temos de mais lindo nas nossas câmaras frias de acordo com a sazonalidade e, consequentemente, disponibilidade de flores e suas variações no mercado. A natureza é quem manda e temos que respeitar todo esse processo que depende de condições climáticas, dentre outras. Portanto, a opção “mix de flores” consiste numa combinação de cores e tipologias botânicas, que, não necessariamente, corresponderá à alguma das fotos aqui disponíveis (mas a Luxo te garante que lindo, vai ser!).</p>

<p>Nossa clássica garrafinha de vidro reciclado com mini bouquet de flores. Com lacinho e adesivo personalizável elas são aquele mimo luxuoso perfeito para presentear, enfeitar um ambiente ou como centro de mesa do seu evento. &nbsp; Dimensões: Altura: 13,5cm Gargalo: 2cm Fundo: 5cm &nbsp; Atenção: Cada mix de flores é único! Ao optar por essa [&hellip;]</p>
